 is the remainder when 53 is divided by q?
15
What is the remainder when (65 + 3)*(-12)/(-8) is divided by 18?
12
Suppose 3*m + 3*x = -m - 262, 0 = 4*m + x + 266. Let w = 104 + m. Calculate the remainder when 109 is divided by w.
35
Let q(z) = -z**3 + 4*z**2 + 6*z + 1. What is the remainder when 21 is divided by q(5)?
3
Suppose 0 = 3*j + 378 - 48. What is the remainder when 16 is divided by 22/j + 36/5?
2
Let j(c) = c + 7. Let v be j(-4). Suppose d + 152 = v*d. Let i(n) = -2*n**2 - 13*n + 11. Calculate the remainder when d is divided by i(-5).
24
Suppose -j = -5*j + 412. Let m = 56 + j. What is the remainder when m is divided by 27?
24
Suppose -33*b = -37*b + 248. Suppose 84 = 4*j + 3*z, -6*z = j - z - 21. Calculate the remainder when b is divided by j.
20
What is the remainder when (1 - (-25 + 0)) + -1 is divided by -1 - 9/(-7) - (-188)/28?
4
Calculate the remainder when (186/12 - 15)/(2/944) is divided by 14.
12
Let r(m) = 86*m - 253. What is the remainder when r(4) is divided by 31?
29
Let r = -584 - -833. Calculate the remainder when r is divided by 15.
9
Let y = -9 + 12. Suppose -3*q - k - 10 = 0, 30 = -5*q - y*k - 2*k. Calculate the remainder when 8 is divided by 35/21*(1 - q).
3
Suppose -5*d = -187 + 27. Suppose -8*f = -4*f - d. What is the remainder when 27 is divided by f?
3
Let g = -54 + 83. Calculate the remainder when 52 is divided by 4/(-4 + 2) + g.
25
Let t(k) = k**2 - 6*k. Let u be t(6). Suppose 2*r + 0*r - 3*s - 146 = u, r - 4*s = 83. Let f = -28 + r. Calculate the remainder when f is divided by 21.
18
Let o = -41 - -86. Suppose 47*n - 50*n + o = 0. Suppose -4*u + 8 = -8, 0 = 4*k + 3*u - 28. Calculate the remainder when n is divided by k.
3
Suppose -3*g - 4*l - 4 = 0, -g + 6*g + l = -1. Let i = 8 - 4. Suppose 23 = -g*y + 2*y - 3*h, 3*y + i*h = 26. Calculate the remainder when y is divided by 4.
2
Let h = 2 - -7. Let t(y) = 2*y**2 - 8*y + 18. What is the remainder when t(h) is divided by 22?
20
Let x = -593 - -611. Calculate the remainder when 0 - 49/(-3 - -2) is divided by x.
13
Suppose -2*d = 27 - 305. Suppose 4*s = -2*j + 134, 2*s = 15*j - 17*j + 64. What is the remainder when d is divided by s?
34
Let z(t) = 4*t + 6. Let q be z(6). Suppose 8*y - 11*y = -q. What is the remainder when 29 is divided by y?
9
Suppose -4*u = -g - 132, 2*g = 4*u - u - 99. Suppose -u = 3*j - 3. Let t = 28 + j. Calculate the remainder when t is divided by 10.
8
Let o = -120 + 232. Suppose -3*k = -98 - o. Calculate the remainder when k is divided by 25.
20
Let d = 78 - 58. Let h = 30 - 18. What is the remainder when d is divided by h?
8
Suppose i = 4*u - 22, 2 = 2*u + 2*i - 4. Suppose 13 = -p + 5*m + 1, -4*p + 42 = -2*m. Calculate the remainder when 3/u - 177/(-5) is divided by p.
10
Let w(z) = -4*z - 8. Suppose 3*f + 0*t = 2*t - 14, -3*f - 2*t - 22 = 0. Calculate the remainder when 62 is divided by w(f).
14
Calculate the remainder when 1195 is divided by 28/(-4) - (-9 + 9) - -31.
19
Let l(b) = -38*b - 107. What is the remainder when 133 is divided by l(-4)?
43
Let w = -87 - -380. Calculate the remainder when w is divided by 42.
41
Suppose -85 = -4*f + 159. What is the remainder when f is divided by 34?
27
Let v(z) = 8*z**2 + 5*z + 7. Let i = 12 + 4. Calculate the remainder when v(3) is divided by i.
14
Suppose 13*b - 24*b = -1067. Calculate the remainder when b is divided by 20.
17
Let c = -865 + 935. Calculate the remainder when 230 is divided by c.
20
Let s(l) = l**3 + l**2 - 2*l + 1. Let p be s(-3). Let y = p + 12. What is the remainder when 12 is divided by (y/(-2))/(1/(-10))?
2
Suppose -3*m + 18 = -2*m. Calculate the remainder when 73 is divided by m.
1
Calculate the remainder when (8/(-3) - 130/(-195)) + 691 is divided by 46.
45
Let o(m) = m - 2. Let k be o(-7). Let j(g) = g + 12. Let w be j(k). Suppose -w*x = -2*x - 18. Calculate the remainder when 69 is divided by x.
15
Calculate the remainder when 12 - (7 - -11) - -275 is divided by 67.
1
Let x(g) = -g**2 - 16*g - 10. Let u(z) = 3*z - 3. Let h be u(-3). Suppose 0 = -4*v + v + 60. Calculate the remainder when x(h) is divided by v.
18
Let a(c) be the first derivative of -9*c**2/2 - 7*c + 3. Let v be a(-3). Let s = v - 9. What is the remainder when s is divided by 7?
4
Suppose -2*c - 84 = -5*c. Suppose -5*d = -2*w + 51, -30 = 2*d + w + 3*w. Let o = -1 - d. Calculate the remainder when c is divided by o.
8
Let x(s) = -s**3 + 6*s**2 + 3*s - 4. What is the remainder when 251 is divided by x(5)?
35
Let u(p) = -p**2 - 6*p - 1. Let j be u(-5). What is the remainder when 20 is divided by j - (-6)/3 - -1?
6
Let x(u) = -2*u**3 - u**2 + u - 1. Let i be 6/((-9)/(-3) - 1). Suppose -i*f + 66 = 15. Calculate the remainder when f is divided by x(-2).
8
Let k = 124 + -42. What is the remainder when k is divided by 25?
7
Let p(y) = 23*y**3 - 2*y + 1. Suppose -129*q + 140*q - 132 = 0. Calculate the remainder when p(1) is divided by q.
10
Let y = -1505 + 1516. Let i(p) = -p**3 - 4*p**2 + 8*p - 3. What is the remainder when i(-6) is divided by y?
10
Suppose q + 1145 = 5*y, 3*y - 24*q - 687 = -26*q. Calculate the remainder when y is divided by 10.
9
Let p = 26 - 19. Let h(g) = g**3 - 8*g**2 - 6*g - 1. Calculate the remainder when h(9) is divided by p.
5
Let g = -9 + 14. Suppose 2*k - g = 1. What is the remainder when 25 is divided by k?
1
Suppose 3*a + 3*d + 5 - 77 = 0, 0 = 2*a + 5*d - 48. Calculate the remainder when 114 is divided by a.
18
Let f be (-6)/(-3)*(60 + -2). Suppose 82 = d - 2*d - z, -5*z = 4*d + 327. Let p = f + d. What is the remainder when 97 is divided by p?
31
Let l(q) = -2 + 0 + q + 0*q - 1. What is the remainder when 2 is divided by l(5)?
0
Let g = 63 - 25. Let u = g + -3. What is the remainder when u is divided by 20?
15
Let r = 3402 + -3401. Suppose -3*n = -n - 14. What is the remainder when n is divided by r?
0
Let i = 32 - 14. Let p(m) = -3*m + 6. Let g be p(-6). Suppose g = 2*s + 4. Calculate the remainder when i is divided by s.
8
Suppose -2*n + 5*q + 30 - 10 = 0, 2*q = -n - 8. Let o = 2 - n. Suppose -o*v - 61 = -3*v + 2*h, -2*v + 2*h = -112. What is the remainder when v is divided by 13?
12
Let s = 125 - 7. What is the remainder when s is divided by 17?
16
Let v be (-207)/36 - (-3)/4. Let c(b) = 12*b**3 + 5*b. Let o(f) = -f**3 - f. Let s(u) = v*o(u) - c(u). What is the remainder when 25 is divided by s(-1)?
4
Calculate the remainder when 4 is divided by (-8)/7*(-182)/52.
0
Let j = 97 + 14. Let l = j - 65. Calculate the remainder when l is divided by 24.
22
Suppose a = -0*a - 15. Let r be (94/3)/((-10)/a). Suppose v = 0, -211 = -4*j - v - r. What is the remainder when j is divided by 11?
8
Suppose 4*s - 121 = -l + 64, -2*s = -l - 85. Calculate the remainder when 802 is divided by s.
37
Suppose -315 = -5*b + 5*q, 4*b - 3*q - 267 = -4*q. Calculate the remainder when 184 is divided by b.
52
Suppose -8*n + 15575 = 17*n. Calculate the remainder when n is divided by 12.
11
Suppose -10*m + 11*m - 18 = 0. Suppose -450 = 13*y - m*y. What is the remainder when y is divided by 13?
12
Let x = 244 + 35. Calculate the remainder when x is divided by 20.
19
Suppose 15*j - 10*j - 140 = 0. Let c = -23 + j. What is the remainder when 18 is divided by c?
3
Let x = -32 - -87. Calculate the remainder when x is divided by 8.
7
Calculate the remainder when 289 is divided by 54 + 5*(58/10 - 5).
57
Let s(g) be the first derivative of 9*g**2 + 5*g + 12. Calculate the remainder when s(4) is divided by 10.
7
Let u(v) = v**2 - 6*v + 8. Suppose -6*n = -4*n - 24. Let b = n - 1. Calculate the remainder when u(b) is divided by 22.
19
Suppose 0 = 4*c - 5*n - 4, 3*c + 4*n = 2*n + 3. Let r be (-6)/21 + (-4)/(-14). Calculate the remainder when (r - c - 0)*-15 is divided by 4.
3
Suppose -26*p - 56 = -30*p. Suppose s - p = -0*s. What is the remainder when s is divided by 9?
5
Let z(u) = 10*u - 2. Let y(k) = -10*k + 3. Let t(w) = -5*y(w) - 4*z(w). Let i(p) = -p + 2. Calculate the remainder when t(4) is divided by i(-10).
9
Let b be (-26)/(-5) - (-2)/(-10). Suppose b*d - 116 = 54. Let n = 187 - 121. What is the remainder when n is divided by d?
32
Suppose -4*q = 5*m - 88, -4*q - 7*m + 9*m = -88. What is the remainder when 104 is divided by q?
16
Let b be (4/(-5))/(4/(-10)). Let a(f) = 3*f + 3*f**b - f + 2 - 5*f. Calculate the